or of n and a.
11
Suppose 0 = m + 3*c + 22, 2*m + 3 = 2*c - 1. Let k = m + 14. Let g(v) = 17*v**2 + 111*v + 7. Let f be g(-7). Calculate the highest common divisor of f and k.
7
Suppose -63 + 7 = -8*g. Suppose g*s + 108 = 1837. Calculate the highest common factor of s and 13.
13
Suppose 5*z = -6*c + c - 5, -3*c = -5*z + 19. Let r be (0 - 3/(-4))/(13/156). Suppose z*f - 25 = -r. What is the highest common factor of f and 88?
8
Suppose 11*h - 294 - 14 = 0. Let z be (180/(-120))/((-1)/8). What is the highest common divisor of h and z?
4
Let v be (190 - 186)/((-12)/(-13590)*(-5)/(-3)). What is the greatest common factor of 72 and v?
18
Let g(x) = 3*x**2 - 3*x - 2. Let p be g(3). Let f = 43 - -62. Suppose -f*y + 480 = -99*y. What is the highest common factor of y and p?
16
Suppose 0 = -33*n + 45*n - 960. Calculate the highest common divisor of n and 368.
16
Suppose 126*n = -339*n + 1219230. What is the greatest common divisor of 2166 and n?
114
Let l = 15 + -10. Let y be (-57)/285 + (-352)/(-10). Suppose -l*c + y + 10 = 0. Calculate the highest common divisor of c and 27.
9
Suppose -13*c + 9*c - 284 = 0. Let t = -66 - c. Let o be (t/3)/((-13)/(-117)). What is the highest common divisor of 105 and o?
15
Let w be 246/21 + 2/7. Suppose 3*d - 4*u = 112, -d + u + 2*u = -44. What is the greatest common divisor of d and w?
4
Suppose -356*u - 129*u + 4913 = -9637. Calculate the greatest common factor of u and 159.
3
Suppose 21*a = -8801 + 14849. What is the highest common factor of 4736 and a?
32
Let h(j) = 179*j**2 + 159*j + 160. Let p be h(-1). Suppose -7*b + 100 = -2*b. Calculate the greatest common factor of b and p.
20
Suppose 0 = -3*b - 0*b + 48. Suppose g = 9*g - b. Suppose -4*y + 7*y - g*f - 301 = 0, 0 = -5*y + 4*f + 503. What is the greatest common factor of y and 9?
9
Let k(n) = -n**2 + 14*n - 33. Let x be k(11). Suppose x = 16*j - 21*j + 105. What is the greatest common factor of j and 112?
7
Let t(r) = 519*r**2 - 269*r + 526. Let x be t(2). What is the highest common divisor of 432 and x?
48
Suppose -l - t = 2, 3*t = 4*l + 2*t - 2. Suppose 2*n = l, -2*r + 2 + 0 = -4*n. Let s be 59*r - (-18)/18. What is the highest common divisor of 15 and s?
15
Let s = 19784 + -19734. Calculate the greatest common factor of 7450 and s.
50
Let k(q) = -q**2 - 192*q - 2398. Let a be k(-17). Calculate the greatest common factor of 7 and a.
1
Let g be (-2)/(-15) - 126430/(-3525). Calculate the highest common divisor of g and 100.
4
Let c(k) = 24*k - 372. Let r(a) = -5*a + 74. Let b(m) = -2*c(m) - 11*r(m). Let o be b(19). What is the greatest common factor of 168 and o?
21
Suppose -15*n + 22 = -23. Suppose w = -w, 2*v = -n*w + 38. Calculate the highest common factor of 608 and v.
19
Let v be -8 - -399 - (-7 + (-72)/(-9)). What is the greatest common divisor of 180 and v?
30
Let y be (-412)/28 + 15 + 320/7. Suppose 0 = -4*k + 2*j + 728, k + 2*j = -3*k + 744. What is the highest common factor of y and k?
46
Let o be (46 - 18) + 3/1. Let m be (-2)/(o/(-651)*(-3)/(-1)). Calculate the highest common factor of m and 21.
7
Let v(l) = l**3 - 6*l**2 + 2*l - 9. Let q be v(6). Let k be 1*(88/12*q + -1). Suppose k*o = 14*o + 56. Calculate the highest common divisor of 1 and o.
1
Suppose w - 94 = 25*d - 24*d, -w + 106 = 2*d. What is the greatest common factor of 532 and w?
14
Let a = 579 + -517. Suppose 0 = -a*w + 75*w - 1872. What is the greatest common factor of 48 and w?
48
Suppose -2*h + 22 = 5*t, 47*t - 51*t = -2*h + 76. Let l(y) = y - 6. Let b be l(8). What is the highest common divisor of b and h?
2
Let z be 98/(-14) + (30957 - 7)/10. What is the highest common factor of 16 and z?
16
Let z(v) = v**2 - 159*v - 8462. Let m be z(202). Let q(p) = 3*p - 4. Let f be q(6). Calculate the highest common factor of f and m.
14
Suppose -4*x + 92 = -l - 83, -x - 2*l = -55. Let w(f) = f**3 + 9*f**2 - 6*f + 5. Let s be w(-5). What is the greatest common factor of s and x?
45
Let i be 4514/9 + ((-64)/(-72))/2. Let x = -439 + i. What is the greatest common divisor of 42 and x?
21
Let x(q) = -1555*q - 10243. Let k be x(-9). Calculate the greatest common factor of k and 224.
56
Suppose 0 = -2*t - t - 171. Suppose -776*u = -760*u + 1600. Let d = t - u. Calculate the highest common divisor of d and 86.
43
Suppose 239 = -17*d - 3*d + 839. What is the highest common factor of d and 1245?
15
Let c(k) = -4*k**3 - k**2 + 4*k + 17. Let j be c(-3). Suppose 5*m + 3 = 23. Suppose 7*w - 39 = m*w. What is the greatest common divisor of w and j?
13
Let b = -20 - -13. Let x = b - -9. Let f = x - -106. What is the highest common divisor of f and 54?
54
Let a(w) = 9*w**3 - 5*w**2 + 5*w - 2. Let o be a(3). Let x = o - 141. Calculate the highest common divisor of x and 350.
70
Let v = 407 - 165. Let z = -157 - -295. Suppose -104 = -11*r + z. What is the highest common factor of v and r?
22
Suppose 71*o - 69*o - 52 = 2*s, 0 = 3*o - 5*s - 60. Calculate the highest common divisor of o and 5789.
7
Suppose 0 = 4*f + 2*d - 248, -f - d + 72 = -3*d. Suppose 5*k = 3*k - f. Let s = k - -41. Calculate the greatest common factor of 1 and s.
1
Suppose 0 = -h - 5*r + 59, -3*h - 3*r + 116 + 49 = 0. Let g(t) = 46*t**2 + 24*t. Let j be g(3). What is the greatest common factor of h and j?
54
Suppose -n - 3*q = -3 - 1, -2*q + 4 = 2*n. Suppose 11*a = 51 + 4. Suppose -31 = a*i - 51. Calculate the highest common divisor of n and i.
1
Let n be ((-675)/(-35) + -21)*-24*14. What is the highest common factor of n and 2400?
96
Let u = 67 + -98. Let v = u + 34. Suppose 0 = v*p - 3*w - 36, 2*p + 0*p - 3*w = 26. Calculate the highest common divisor of 80 and p.
10
Suppose 0 = 13*d - 1380 - 76. Let t = d - 97. Let k(x) = 9*x**2 - 5*x + 1. Let p be k(-4). What is the highest common divisor of t and p?
15
Let o be (-1)/(212/(-210) + 1). Let x = 1035 + -459. Suppose 75 = -x*j + 581*j. Calculate the highest common divisor of j and o.
15
Let u be -2 + -37 + (0/4 - 1). Let z = -36 - u. Suppose z*o - 7*o + 18 = 0. What is the greatest common divisor of o and 8?
2
Let a(p) = -p. Let f be a(-2). Suppose 2*w + 680 = -3*w - 5*g, f*g + 6 = 0. Let o = -85 - w. Calculate the greatest common factor of 96 and o.
48
Let h(k) = k**2 + 50*k - 945. Let z be h(98). Calculate the greatest common divisor of z and 596.
149
Let i be (-639)/(-8) + (228/152 - (-11)/(-8)). Calculate the greatest common divisor of i and 3240.
40
Suppose -5*j = -5*a, -a = -2*j + 5 - 3. Let z be j - (-518)/8 - 3/(-12). Let n = z + -57. What is the greatest common factor of 50 and n?
10
Let h be (-30)/4*(-20)/6. Suppose 0 = -5*t - 5*d + 85, -5*t - 2*d = -5*d - 45. Let c = h - t. Calculate the highest common factor of 65 and c.
13
Suppose 398 - 173 = -11*r + 2205. Calculate the highest common divisor of 4200 and r.
60
Let c(n) = 2*n + 49. Suppose -7*z + 26 - 75 = 0. Let y be c(z). What is the highest common factor of y and 175?
35
Suppose b + 15 = -5*f, 5*b = -3*f + 3 + 32. Let x = 47125 + -47085. What is the greatest common divisor of b and x?
10
Suppose 0 = -5*c + 9*m - 12*m + 1939, -3*c + 1148 = 4*m. Let j be (145 - -2)*(-1)/(-3). Calculate the greatest common divisor of c and j.
49
Let p(x) = 725*x - 7155. Let h be p(10). Calculate the highest common factor of 79705 and h.
95
Suppose 384 = 40*a - 37*a. Let w = a - 248. Let o = -112 - w. What is the highest common divisor of 32 and o?
8
Let z = -580 - -336. Let u be z/(-427) + (1 - 73/(-7)). What is the highest common factor of u and 120?
12
Let a = 195 - 134. Suppose a - 169 = -9*v. Calculate the highest common divisor of v and 36.
12
Let r be (((-40)/(-35))/(8/28) - 10) + 34. Calculate the greatest common factor of r and 4760.
28
Let s be (2/12 - 0) + (-393)/(-18). Let j = -105 + s. Let k = -68 - j. What is the highest common divisor of 105 and k?
15
Suppose 0 = 238*x - 70*x + 34*x - 7676. What is the highest common factor of 5738 and x?
38
Suppose -5525*t + 5550*t - 175925 = 0. Calculate the highest common factor of 31 and t.
31
Let g be ((-6)/7)/((-9 + 1)/56448). Calculate the highest common factor of 21 and g.
21
Let w be 3*(56/(-189)*-294)/(1/3). What is the greatest common divisor of 147 and w?
49
Suppose -z - 3 = 8*k - 9*k, -4*k + 12 = -2*z. Suppose 2*s - 43 = -z*s - 5*v, 0 = v + 1. What is the greatest common divisor of 14